{"id":7,"date":"2021-01-24T12:58:57","date_gmt":"2021-01-24T09:58:57","guid":{"rendered":"http:\/\/www.prateaco.com\/?page_id=7"},"modified":"2021-01-24T13:17:23","modified_gmt":"2021-01-24T10:17:23","slug":"hakkimizda","status":"publish","type":"page","link":"http:\/\/www.prateaco.com\/?page_id=7","title":{"rendered":"HAKKIMIZDA"},"content":{"rendered":"\n<figure class=\"wp-block-image size-large\"><img loading=\"lazy\" width=\"500\" height=\"500\" src=\"http:\/\/www.prateaco.com\/wp-content\/uploads\/2021\/01\/image-25.png\" alt=\"\" class=\"wp-image-56\" srcset=\"http:\/\/www.prateaco.com\/wp-content\/uploads\/2021\/01\/image-25.png 500w, http:\/\/www.prateaco.com\/wp-content\/uploads\/2021\/01\/image-25-300x300.png 300w, http:\/\/www.prateaco.com\/wp-content\/uploads\/2021\/01\/image-25-150x150.png 150w\" sizes=\"(max-width: 500px) 100vw, 500px\" \/><\/figure>\n\n\n\n<p><strong>Bir \u00e7ay \u00fclkesi olan T\u00fcrkiye\u2019de 2009 y\u0131l\u0131ndan beri \u00e7ay filtresi \u00fcretimi yapmaktay\u0131z.<\/strong><\/p>\n\n\n\n<p><strong>2020 y\u0131l\u0131nda haz\u0131rl\u0131klar\u0131na ba\u015flad\u0131\u011f\u0131m\u0131z kahve filtresi \u00fcretimine 2021 y\u0131l\u0131 \u015fubat ay\u0131ndan itibaren ba\u015fl\u0131yoruz.<\/strong><\/p>\n\n\n\n<p><strong>T\u00fcrkiye ve Avrupa\u2019n\u0131n en b\u00fcy\u00fck markalar\u0131na private lable \u00fcretim yapmaktay\u0131z.<\/strong><\/p>\n\n\n\n<p><strong>\u00c7ay Keyfi markam\u0131zla i\u00e7 piyasaya, Prateaco markam\u0131zla da yurt d\u0131\u015f\u0131na \u00fcr\u00fcn sat\u0131\u015f\u0131 yapmaktay\u0131z.<\/strong><\/p>\n","protected":false},"excerpt":{"rendered":"<p>Bir \u00e7ay \u00fclkesi olan T\u00fcrkiye\u2019de 2009 y\u0131l\u0131ndan beri \u00e7ay filtresi \u00fcretimi yapmaktay\u0131z. 2020 y\u0131l\u0131nda haz\u0131rl\u0131klar\u0131na ba\u015flad\u0131\u011f\u0131m\u0131z kahve filtresi \u00fcretimine 2021 y\u0131l\u0131 \u015fubat ay\u0131ndan itibaren ba\u015fl\u0131yoruz. &hellip; <\/p>\n","protected":false},"author":1,"featured_media":0,"parent":0,"menu_order":0,"comment_status":"closed","ping_status":"closed","template":"","meta":[],"_links":{"self":[{"href":"http:\/\/www.prateaco.com\/index.php?rest_route=\/wp\/v2\/pages\/7"}],"collection":[{"href":"http:\/\/www.prateaco.com\/index.php?rest_route=\/wp\/v2\/pages"}],"about":[{"href":"http:\/\/www.prateaco.com\/index.php?rest_route=\/wp\/v2\/types\/page"}],"author":[{"embeddable":true,"href":"http:\/\/www.prateaco.com\/index.php?rest_route=\/wp\/v2\/users\/1"}],"replies":[{"embeddable":true,"href":"http:\/\/www.prateaco.com\/index.php?rest_route=%2Fwp%2Fv2%2Fcomments&post=7"}],"version-history":[{"count":2,"href":"http:\/\/www.prateaco.com\/index.php?rest_route=\/wp\/v2\/pages\/7\/revisions"}],"predecessor-version":[{"id":57,"href":"http:\/\/www.prateaco.com\/index.php?rest_route=\/wp\/v2\/pages\/7\/revisions\/57"}],"wp:attachment":[{"href":"http:\/\/www.prateaco.com\/index.php?rest_route=%2Fwp%2Fv2%2Fmedia&parent=7"}],"curies":[{"name":"wp","href":"https:\/\/api.w.org\/{rel}","templated":true}]}}